{"id":2,"date":"2021-03-26T16:00:41","date_gmt":"2021-03-26T19:00:41","guid":{"rendered":"http:\/\/www.ceciliademedeiros.com.ar\/wordpress\/?page_id=2"},"modified":"2025-01-02T12:28:51","modified_gmt":"2025-01-02T15:28:51","slug":"bio","status":"publish","type":"page","link":"https:\/\/www.ceciliademedeiros.com.ar\/wordpress\/bio\/","title":{"rendered":"Bio"},"content":{"rendered":"\n<div class=\"wp-block-media-text alignwide is-stacked-on-mobile is-vertically-aligned-top is-image-fill-element\" style=\"grid-template-columns:44% auto\"><figure class=\"wp-block-media-text__media\"><img loading=\"lazy\" decoding=\"async\" width=\"683\" height=\"1024\" src=\"https:\/\/www.ceciliademedeiros.com.ar\/wordpress\/wp-content\/uploads\/2021\/04\/Cecilia-De-Medeiros-2021-683x1024.jpg\" alt=\"\" class=\"wp-image-195 size-large\" style=\"object-position:56% 31%\" srcset=\"https:\/\/www.ceciliademedeiros.com.ar\/wordpress\/wp-content\/uploads\/2021\/04\/Cecilia-De-Medeiros-2021-683x1024.jpg 683w, https:\/\/www.ceciliademedeiros.com.ar\/wordpress\/wp-content\/uploads\/2021\/04\/Cecilia-De-Medeiros-2021-200x300.jpg 200w, https:\/\/www.ceciliademedeiros.com.ar\/wordpress\/wp-content\/uploads\/2021\/04\/Cecilia-De-Medeiros-2021.jpg 700w\" sizes=\"auto, (max-width: 683px) 100vw, 683px\" \/><\/figure><div class=\"wp-block-media-text__content\">\n<p>Nac\u00ed en C\u00f3rdoba en 1991. Defiendo el Oficio y el aprendizaje en taller. &nbsp;Asist\u00ed a clases particulares con pintores y complement\u00e9 mi formaci\u00f3n licenci\u00e1ndome en Pintura en la Universidad Nacional de C\u00f3rdoba.&nbsp;<\/p>\n\n\n\n<p>Trabajo en torno al g\u00e9nero del retrato, explorando nuevos sentidos sobre esta pr\u00e1ctica cl\u00e1sica. Mi desaf\u00edo es repensarlo como un dispositivo capaz de reclamar una vigencia y ofrecer preguntas significativas para la \u00e9poca. Un rasgo esencial de mi producci\u00f3n es la utilizaci\u00f3n del soporte como parte constitutiva de la pintura, permitiendo que el sujeto retratado se recorte en la grieta biol\u00f3gica del material.&nbsp;<\/p>\n\n\n\n<p>La experimentaci\u00f3n es un pilar fundamental de mi pr\u00e1ctica art\u00edstica. Creo mis propias pinturas a partir de pigmentos, desarrollando un enfoque \u00fanico en la manipulaci\u00f3n del color. Parte de mi obra explora t\u00e9cnicas tradicionales, como el mosaico y el \u00f3leo, pero reformuladas con materiales contempor\u00e1neos, generando un di\u00e1logo innovador entre lo cl\u00e1sico y lo moderno.&nbsp;<\/p>\n\n\n\n<p>Adem\u00e1s de ser artista, soy docente en el campo del color, donde comparto mi experticia y pasi\u00f3n con estudiantes y colegas. Mi compromiso tambi\u00e9n abarca una profunda conciencia ambiental, incorporando pr\u00e1cticas sostenibles y materiales ecol\u00f3gicos en mi producci\u00f3n art\u00edstica.&nbsp;<\/p>\n\n\n\n<p>Mis obras se han expuesto en: Museo Gen\u00e1ro P\u00e9rez, C\u00f3rdoba, Argentina; Museo de Arte Contempor\u00e1neo Chateau CAC, C\u00f3rdoba, Argentina; Sala Cepia (Centro de Investigaci\u00f3n y Producci\u00f3n en Artes), C\u00f3rdoba, Argentina; Centro Cultural Recoleta, Buenos Aires, Argentina; entre otros espacios destacados.&nbsp;<\/p>\n<\/div><\/div>\n\n\n\n<p><\/p>\n","protected":false},"excerpt":{"rendered":"<p>Nac\u00ed en C\u00f3rdoba en 1991. Defiendo el Oficio y el aprendizaje en taller. &nbsp;Asist\u00ed a clases particulares con pintores y complement\u00e9 mi formaci\u00f3n licenci\u00e1ndome en Pintura en la Universidad Nacional de C\u00f3rdoba.&nbsp; Trabajo en torno al g\u00e9nero del retrato, explorando nuevos sentidos sobre esta pr\u00e1ctica cl\u00e1sica. Mi desaf\u00edo es repensarlo como un dispositivo capaz de [&hellip;]<\/p>\n","protected":false},"author":1,"featured_media":0,"parent":0,"menu_order":0,"comment_status":"closed","ping_status":"closed","template":"","meta":{"footnotes":""},"class_list":["post-2","page","type-page","status-publish","hentry"],"jetpack_sharing_enabled":true,"_links":{"self":[{"href":"https:\/\/www.ceciliademedeiros.com.ar\/wordpress\/wp-json\/wp\/v2\/pages\/2","targetHints":{"allow":["GET"]}}],"collection":[{"href":"https:\/\/www.ceciliademedeiros.com.ar\/wordpress\/wp-json\/wp\/v2\/pages"}],"about":[{"href":"https:\/\/www.ceciliademedeiros.com.ar\/wordpress\/wp-json\/wp\/v2\/types\/page"}],"author":[{"embeddable":true,"href":"https:\/\/www.ceciliademedeiros.com.ar\/wordpress\/wp-json\/wp\/v2\/users\/1"}],"replies":[{"embeddable":true,"href":"https:\/\/www.ceciliademedeiros.com.ar\/wordpress\/wp-json\/wp\/v2\/comments?post=2"}],"version-history":[{"count":22,"href":"https:\/\/www.ceciliademedeiros.com.ar\/wordpress\/wp-json\/wp\/v2\/pages\/2\/revisions"}],"predecessor-version":[{"id":340,"href":"https:\/\/www.ceciliademedeiros.com.ar\/wordpress\/wp-json\/wp\/v2\/pages\/2\/revisions\/340"}],"wp:attachment":[{"href":"https:\/\/www.ceciliademedeiros.com.ar\/wordpress\/wp-json\/wp\/v2\/media?parent=2"}],"curies":[{"name":"wp","href":"https:\/\/api.w.org\/{rel}","templated":true}]}}